 f be l(29). Let y = f + 227. Give s(y).
2
Let z(w) = -4752*w**2 + 4741*w**2 - 14*w - 34*w**3 - 20 + 33*w**3. Calculate z(-10).
20
Let l(o) = 18*o + 345. Let k be 408/(-17) - 5/(-1). What is l(k)?
3
Let g(a) = 2*a**2 - 88*a - 384. Let b be g(-4). Let p(v) = -10*v - 20. What is p(b)?
-20
Suppose 19 + 175 = -194*p. Let y(z) = 39*z + 13. Determine y(p).
-26
Let f(p) = -7*p - 14. Let a be f(-3). Let o(l) = -l**3 + 49*l - 4. Determine o(a).
-4
Let h be -4*(3 + 55/(-10)). Suppose -4*i + 27 = -5*n, h*n - 5*i + 24 = 7*n. Let l(x) = -x**2 - x - 4. Determine l(n).
-10
Let t(p) = 8*p + 8 - p**2 + 3 - 4*p + 5*p. Let k be t(10). Let j(a) = -4*a + 15*a - 10*a + k - 2*a. Calculate j(5).
-4
Suppose 0 = 4*y + k - 52, -k = y - 3*k - 22. Let l(d) = d - 14. Give l(y).
0
Let b(k) = -463*k**3 + 96*k**2 - 18*k - 375. Let o(r) = 109*r**3 - 24*r**2 + 4*r + 94. Let q(t) = 4*b(t) + 17*o(t). Determine q(24).
2
Let a(u) = -33*u - 292. Let z be a(-10). Suppose -5*i + 82 = -3*i. Let c = z - i. Let r(j) = -2*j - 1. Determine r(c).
5
Let f(k) = k**3 + 3*k**2 + 5*k. Let x = -536 + 1433. Let v = x + -901. Determine f(v).
-36
Let x(p) = -7*p**3 - 53*p**2 - 97*p - 20. Let r(i) = -3*i**3 - 24*i**2 - 48*i - 10. Let l(o) = -5*r(o) + 2*x(o). Give l(-9).
1
Let k = 575 - 543. Let l(d) = -60 - d + k - d + 12*d**3 + 0*d + 31. What is l(1)?
13
Let b(r) be the second derivative of -3/2*r**3 - 5/6*r**4 - 1/20*r**5 + 3/2*r**2 - 6 + 4*r. Calculate b(-9).
3
Let q(k) be the third derivative of 0 - 3/2*k**3 - 1/12*k**4 - 293*k**2 + 0*k. Calculate q(-7).
5
Let q(n) = -n**3 + 6*n**2 + 7*n + 8. Let z be (-2)/(-4)*2*-691. Let k = z + 698. Determine q(k).
8
Let x(w) = -29*w - 1. Let u(f) = 131*f + 186. Let a(p) = u(p) + 4*x(p). What is a(-13)?
-13
Let l(p) = -p**2 + 8*p - 7. Let r(o) = 8 - 49 + 13*o**2 - 325*o**3 + 8*o + 326*o**3. Let d be r(-12). Determine l(d).
0
Let h(n) = -6*n**3 + 14*n**2 - 12*n - 10. Let r(q) = q**3 - q**2 + q. Let m be 3/(-5) - (-16)/10. Let c(s) = m*h(s) + 5*r(s). Let o = 15 - 7. Give c(o).
-2
Let c(w) = -w**2 + 165*w - 4254. Let x be c(32). Let r(v) be the first derivative of -37 + v - 2*v**x + 1/3*v**3. Give r(5).
6
Let k = 21 + -13. Let l(g) = 2*g - 4*g + k*g**2 - 187 - 9*g**2 + 184. Calculate l(-3).
-6
Let f be (5/3)/((-3)/(3 + -12)). Suppose -5*w - 3*k - 16 = 19, -3*k + 35 = -f*w. Let o(z) = z**3 + 8*z**2 + 5*z - 13. Determine o(w).
1
Suppose -2*b + 18 + 0 = 0. Let z(l) = b*l**3 - 17*l**2 - 49 - 42 + 76 - 5*l. Let y(k) = -4*k**3 + 8*k**2 + 2*k + 7. Let a(f) = -7*y(f) - 3*z(f). What is a(5)?
1
Let i(s) = -s**3 + 2*s**2 - 37*s + 9. Let b(v) = -v**2 - 11*v + 1. Let k(m) = 3*b(m) - i(m). Let a = -4 + 8. Give k(a).
-6
Let k(i) = -5*i**2 + 20*i + 103. Let g(d) = 16*d**2 - 60*d - 310. Let m(f) = -6*g(f) - 19*k(f). Let a be m(-12). Let n(b) = 24*b**3 + 1. Calculate n(a).
-23
Let s(d) = -25*d + 191 + 136*d - 97*d + 6. Determine s(-13).
15
Let n(s) = 2*s**3 + 17*s**2 + 19*s + 103. Let q be n(-8). Let d(r) = -r**3 + 16*r**2 - 13*r - 27. Give d(q).
3
Suppose 16 = 11*t - 3*t. Let a(m) = 4*m + 15 + 12*m**2 + 10*m**3 - 9*m**3 - 14*m - t*m**2. Calculate a(-11).
4
Suppose 5*b + 7 = -8. Let x be 0 - (2 + -24 + -1 - -4). Let r(i) = x*i + 3 + 1 - 18*i. Determine r(b).
1
Let a(y) = -10*y + 7*y - 16*y**2 - 11 - y**3 + 9*y**2 + y**2. Calculate a(-3).
-29
Let i = -117 + 60. Let l = i - -51. Let t(f) be the third derivative of f**6/120 + f**5/10 - f**4/12 - 3*f**3/2 - 6*f**2. What is t(l)?
3
Let m(r) = 17*r + 112. Let v = 13078 + -13086. Determine m(v).
-24
Let i(v) be the third derivative of 0 - 1/4*v**4 - 63*v**2 + 1/2*v**3 + 0*v. Calculate i(2).
-9
Let m(h) = -33. Let p(b) = b - 6. Let u(x) = -m(x) + 5*p(x). What is u(3)?
18
Let k(r) = 10*r + 137*r**3 - 311*r**3 + 15 - 6*r**2 + 175*r**3 - 4*r**2. Determine k(8).
-33
Let p(h) be the third derivative of -h**6/120 + 7*h**5/20 - h**4/12 + 13*h**3/2 + 2*h**2 + h - 141. What is p(21)?
-3
Suppose 0 = -21*r + 27*r. Let c be 6/8*(-16)/2. Let t be r + (-2)/c*9. Let h(p) = -3*p - 2. Determine h(t).
-11
Let u(m) = m**2 - 15*m + 40. Let s(b) = -239*b + 6220. Let k be s(26). Determine u(k).
-14
Let h(g) be the first derivative of -g**4/4 + 7*g**3/3 + 7*g**2/2 + 4*g + 326. Suppose -4*o + 2*w = 10 - 32, 0 = -o - 5*w + 33. Give h(o).
-4
Let o be 8/(-6)*6/(-4). Let p(x) = 6*x**o - 1 - 2 + 4. Let r = -42177 + 42178. Determine p(r).
7
Let o(r) be the first derivative of -r**3/3 - 2*r**2 - r - 16. Let s be ((-136)/170)/((-20)/75). Calculate o(s).
-22
Let h(a) = a**3 + 38*a**2 + 40*a - 39. Let r(q) = 2*q - 4. Let x(z) = -h(z) + 2*r(z). Calculate x(-37).
-6
Suppose 0 = -9*w + 64 - 199. Let j be (-10)/(-1)*(-6)/w. Suppose -6*a - 4*b = -j*a - 16, 4*a + b = -3. Let y(k) = -8*k - 2. Determine y(a).
14
Let s = -56 + 58. Let r(c) = 0 - 4 + c**3 + 2*c**s - 6*c + 12*c + 5*c**2. What is r(-6)?
-4
Suppose 2*v = -3*r - 47, -v - 38 - 18 = 4*r. Let x(w) = w**3 + 11*w**2 - 28*w - 19. What is x(r)?
7
Let r(w) = 3*w**2 + 15*w - 40. Let l(p) = 5*p**2 + 29*p - 76. Let q(x) = -4*l(x) + 7*r(x). Determine q(7).
-4
Let a(z) = -154 + 458 - 152 - 3*z - 149. Give a(-8).
27
Let o = -8673 + 8679. Let n(a) = 7*a - 32. Give n(o).
10
Let s(r) = -12*r + 3. Let g(n) = 2*n - 1. Let h be 0 + 511/(-49) + (-4)/7. Let i(z) = h*g(z) - 2*s(z). Give i(0).
5
Suppose 22*f = 23*f - 17. Let y be 17/f - (-1 - -2). Let i(c) = 11*c + 13. Let o(r) = -5*r - 6. Let a(l) = 4*i(l) + 9*o(l). Calculate a(y).
-2
Let t(k) = -k**3 - 6*k**2 - 4*k - 1. Suppose 0 = -9*x - 21 - 15. Let n(v) = -4*v**2 - 13*v + 7. Let y be n(x). Give t(y).
-6
Let n(h) = 3*h + 2. Let b = -399 + 382. Let a be (-2)/b + (-64)/(-34) + -4. Give n(a).
-4
Suppose -6*d = 6*d + d. Suppose -47*q + 65*q = d. Let h(o) = o - 2. Give h(q).
-2
Let d(x) = x**2 + 4*x - 5. Suppose 3*q + 3*c = 0, -36 = 2*q - 7*q + 4*c. Suppose 2*v - k + q = -v, 2*k = v + 8. Suppose v = g - 2 + 6. What is d(g)?
-5
Let f(j) be the second derivative of -11*j**3/6 - 248*j**2 - 1369*j - 1. What is f(-45)?
-1
Let n(h) = -3*h + 4. Let s(z) = -3*z + z + 0 + 3*z + 1. Let q(v) = -n(v) - 4*s(v). Suppose -6 = 16*a - 6. Determine q(a).
-8
Let c = 7 - 25. Let q be c/3*(-3)/3. Let p(s) be the second derivative of s**3/6 + s**2 - 3*s + 3. Determine p(q).
8
Let v(m) be the first derivative of -m**4/4 - 2*m**3 - 9*m**2/2 - 15*m + 2328. Give v(-5).
5
Let m(f) = -41*f**2 - 862*f - 13. Let g be m(-21). Let t(r) = r**3 - 8*r**2 + 3*r - 3. Calculate t(g).
21
Let l(i) = i + 1. Let o be l(1). Suppose -4 = 4*g - o*z, -3*z + 0*z + 15 = 3*g. Let a(d) = -6 + 68*d - 76*d + 7. Calculate a(g).
-7
Let x(y) = y**3 - 122*y**2 - 55*y + 6688. Let i be x(122). Let z(w) = 3*w + 51. Determine z(i).
-15
Let i(b) = -397*b - 5 + 803*b - 396*b - 3. Determine i(1).
2
Let s(z) = -z**3 + 13*z**2 - 12*z. Let o(g) = -582*g - 4062. Let f be o(-7). What is s(f)?
0
Let b(q) = -2*q**2 + q + 4. Suppose -26*o = -15*o - 22. Suppose 2*l - 2*j = 6, -5*l + 12 = -l - o*j. What is b(l)?
-11
Let m(f) be the first derivative of 147 + 17/3*f**3 - 1/4*f**4 + 7*f + 0*f**2. Calculate m(17).
7
Let w(b) be the third derivative of -b**6/120 + 4*b**5/15 - 5*b**4/24 + 73*b**3/6 - 1541*b**2. What is w(16)?
-7
Let j(z) = -4*z - 7. Let v(w) = 14*w**2 + 2*w - 3. Let f be v(2). Let m = -59 + f. Let x be j(m). Let p(s) = -15*s + 1. Calculate p(x).
-14
Let u(f) = 11*f**2 - 2*f - 2. Let d(p) = 8*p**2 - 3*p - 1. Let h(n) = -4*d(n) + 3*u(n). Suppose y + t + 5 = -t, 4*y + 2*t = -26. Give h(y).
5
Let r(v) be the second derivative of -1 + v - 1/6*v**3 - 2*v**2. Give r(-4).
0
Suppose -574*i - 734 = -136 + 2272. Let t(r) = -5*r**2 + 3*r**2 - 3*r - 7*r. Determine t(i).
0
Let v(w) = -12*w - 1. Let x = -697 + 795. Suppose 0 = -22*y + 32 - x. Determine v(y).
35
Suppose 66 = 19*f + 9. Let a(c) be the first derivative of c**6/360 + c**5/60 + c**4/24 - 3*c**3 + 7. Let k(m) be the third derivative of a(m). Give k(f).
16
Let r(f) = -f + 1. Suppose 27 - 55 = b. Let p be (-7)/((52/b)/1 + 2). Let c = p + 51. Give r(c).
-1
Let n(q) = -3*q**3 - 5 + 4*q**3 + 10*q**2 + 26 + 18*q - 27*q**2. Let z be n(16). Let w(g) = -z - 2*g - 52 + 99. Determine w(-4).
2
Let j(d) = 6*d - 2. Let a(t) be the first derivative of -7*t**2 + 4*t - 5. Let b(h) = -2*a(h) - 5*j(h). Calculate b(2).
-2
Let f(u) be the third derivative of u**6/120 - 11*u**5/60 + 11*u**4/24 - 5*u**3/3 - 298*u**2. Calculat